NOAA-Style Climate Reports


Report for 2021 June
                   Monthly Climatological Summary for Jun 2021

Name: LaVallee Weather   City: Devlin   State: Ontario
Elevation: 351 m  Lat: N 48° 37' 14"   Lon: W 093° 36' 25"

                  Temperature (°C), Rain (mm), Wind Speed (km/h)

                                      Heat  Cool        Avg
    Mean                              Deg   Deg         Wind                 Dom
Day Temp  High   Time   Low    Time   Days  Days  Rain  Speed High   Time    Dir
----------------------------------------------------------------------------------
 1  15.6  26.8   14:46   2.8   05:24   5.5   2.8   0.0   2.6  32.0   14:28    SW
 2  18.4  29.6   16:07   5.3   05:25   3.9   4.0   0.0   2.8  24.0   13:54   SSW
 3  20.7  30.3   16:43  12.1   02:55   1.7   4.1   0.8   2.5  23.0   16:43   WNW
 4  24.8  36.8   14:54  10.1   04:57   2.1   8.6   0.0   6.5  47.0   13:25   WSW
 5  25.7  35.3   16:18  14.7   05:46   0.5   7.8   0.0   2.8  21.0   18:09     E
 6  25.2  31.6   14:36  14.4   23:59   0.1   6.9   0.0   8.1  39.0   14:58   SSW
 7  20.0  31.8   18:20   6.8   05:41   3.1   4.8   0.0   2.2  18.0   12:16    NW
 8  22.2  29.2   18:40  15.6   03:40   0.5   4.4   3.2   3.4  21.0   02:05     E
 9  23.3  33.1   14:16  16.6   04:48   0.3   5.2   6.4   7.3  40.0   14:20    SE
10  22.6  28.7   16:50  15.9   05:47   0.2   4.4   0.0   3.4  26.0   19:19    NE
11  20.7  25.1   14:00  16.9   22:27   0.2   2.6   1.4  11.0  47.0   12:00   ESE
12  19.9  26.6   16:51  11.9   23:56   1.5   3.0   0.0  10.3  47.0   11:40     W
13  16.4  25.9   17:29   7.6   05:30   3.8   1.9   3.0   3.7  37.0   10:50   NNE
14  17.2  24.2   15:24   7.8   05:42   3.3   2.2   0.0   5.3  34.0   10:12   NNW
15  17.3  26.9   15:29   6.2   05:46   4.0   3.0   0.0   3.1  23.0   13:53     E
16  19.5  29.4   16:03   9.7   02:50   2.5   3.7   2.4   5.1  39.0   15:38   SSE
17  21.9  29.7   17:50  13.1   05:59   0.9   4.6   0.2   7.1  39.0   13:03     W
----------------------------------------------------------------------------------
    20.7  36.8     4     2.8     1    34.1  74.0  17.4   5.1  47.0     4     SSW

Max >=  27.0: 11
Max <=   0.0:  0
Min <=   0.0:  0
Min <= -18.0:  0
Max Rain: 6.4 on day 9
Days of Rain: 7 (>= 0.2 mm)  4 (>= 2.0 mm)  0 (>= 20.0 mm)
Heat Base: 18.3  Cool Base: 18.3  Method: Integration