NOAA-Style Climate Reports


Report for 2022 August
                   Monthly Climatological Summary for Aug 2022

Name: LaVallee Weather   City: Devlin   State: Ontario
Elevation: 351 m  Lat: N 48° 37' 13"   Lon: W 093° 36' 24"

                  Temperature (°C), Rain (mm), Wind Speed (km/h)

                                      Heat  Cool        Avg
    Mean                              Deg   Deg         Wind                 Dom
Day Temp  High   Time   Low    Time   Days  Days  Rain  Speed High   Time    Dir
----------------------------------------------------------------------------------
01  19.1  25.3   17:10  13.7   06:46   1.3   2.1   0.0   4.5  27.0   00:36   WNW
02  20.3  26.8   13:06  13.6   06:26   1.2   3.2   0.0   4.2  37.0   17:25   SSE
03  19.0  23.6   00:39  12.0   23:59   0.6   1.3   0.2   6.6  37.0   12:03     W
04  16.5  17.1   22:27  16.4   23:12   0.1   0.0   0.0   0.1  10.0   23:56    SE
05  22.0  27.6   11:40  17.0   00:00   0.2   3.8  11.2   4.1  37.0   08:29   SSE
06  18.5  22.3   12:49  14.3   23:56   1.0   1.1   0.0   5.8  31.0   15:07   WNW
07  16.3  21.6   14:43  10.6   05:45   2.5   0.6   0.0   1.4  19.0   09:21     E
08  18.1  27.2   17:23   7.9   06:25   2.9   2.7   0.0   2.5  21.0   17:30   WSW
09  20.5  29.0   14:01  12.7   04:22   1.8   4.0   0.0   5.6  39.0   10:52     W
10  17.4  25.3   17:05   9.3   05:54   3.2   2.2   0.0   3.4  32.0   12:12    NW
11  16.9  25.9   15:35   6.8   06:31   4.0   2.6   0.0   1.9  19.0   12:52     E
12  17.8  26.6   15:03  12.4   01:31   2.2   1.7   0.0   2.7  24.0   13:51    SE
13  19.1  27.7   18:41  11.6   05:48   2.1   2.8   0.0   0.7  14.0   13:54     N
14  20.7  29.0   18:02  12.2   06:23   1.7   4.1   0.0   1.8  31.0   20:53    SW
15  21.0  27.9   14:08  15.0   06:42   0.8   3.5   0.0   2.3  31.0   13:43    SE
16  19.0  23.7   16:49  16.9   07:50   0.4   1.1  18.4   4.5  32.0   09:10   SSE
17  21.4  29.2   16:00  14.6   04:07   0.8   3.9   0.0   0.6  16.0   19:38   WSW
18  20.4  27.4   13:23  14.4   06:36   0.7   2.8   0.0   1.7  18.0   16:02     N
----------------------------------------------------------------------------------
    19.1  29.2    17     6.8    11    27.5  43.5  29.8   3.1  39.0     9     WSW

Max >=  27.0  8
Max <=   0.0  0
Min <=   0.0  0
Min <= -18.0  0
Max Rain: 18.4 on day 16
Days of Rain: 3 (>= 0.2 mm)  2 (>= 2.0 mm)  0 (>= 20.0 mm)
Heat Base: 18.3  Cool Base: 18.3  Method: Integration