NOAA-Style Climate Reports


Report for 2021
                   Annual Climatological Summary for 2021

Name: LaVallee Weather   City: Devlin   State: Ontario
Elevation: 351 m  Lat: N 48° 37' 14"   Lon: W 093° 36' 25"

                  Temperature (°C), Heat Base: 18.3  Cool Base: 18.3
                          Dep.  Heat  Cool                       Max  Max  Min  Min
        Mean  Mean        From  Deg   Deg                        >=   <=   <=   <=
 YR MO  Max   Min   Mean  Norm  Days  Days  Hi  Date  Low  Date 27.0  0.0  0.0 -18.0
------------------------------------------------------------------------------------
 21  1  -4.5 -14.6  -9.0   6.6   846     0   4.1   3 -35.2   27    0   22   31   10
 21  2  -9.6 -23.0 -16.4  -4.5   967     0   7.2  22 -39.6   13    0   21   28   16
 21  3   8.1  -6.2   0.7   4.9   543     0  18.1  29 -26.2    1    0    2   28    1
 21  4  11.6  -1.6   4.9   0.6   390     1  22.4   5 -14.3    1    0    0   18    0
 21  5  20.7   3.4  12.3  -0.1   223    36  30.7  17  -6.2   11    6    0   13    0
 21  6  27.9  10.5  19.5   2.5    71   105  36.8   4   1.2   22   17    0    0    0
 21  7  29.7  12.5  21.1   1.5    43   116  34.9   3   5.6    8   21    0    0    0
 21  8
 21  9
 21 10
 21 11
 21 12
------------------------------------------------------------------------------------
        12.0  -2.7   4.7   1.6  3086   260  36.8 Jun -39.6  Feb   44   45  118   27

                                Precipitation (mm)

              Dep.   Max        Days of Rain
              From   Obs.           >=
 YR MO Total  Norm   Day Date  0.2  2.0 20.0
---------------------------------------------
 21  1   0.0  -0.2   0.0   0     0    0    0
 21  2   0.0  -1.3   0.0   0     0    0    0
 21  3   0.0 -11.5   0.0   0     0    0    0
 21  4  66.2  30.7  13.4   8    12    8    0
 21  5  26.2 -43.2  16.4  20     7    4    0
 21  6  28.2 -87.0   6.4   9    13    6    0
 21  7  16.0 -78.2   9.0  23     6    3    0
 21  8
 21  9
 21 10
 21 11
 21 12
---------------------------------------------
       136.6-190.7  16.4  May   38   21    0

                                Wind Speed (km/h)
                          Dom
 YR MO   Avg.  Hi   Date  Dir
------------------------------
 21  1   4.7  51.0   20    SW
 21  2   5.4  47.0   22     W
 21  3   6.8  56.0   30   SSW
 21  4   5.3  40.0    2     N
 21  5   5.3  55.0   25   WSW
 21  6   4.6  51.0   18     W
 21  7   3.7  48.0   24   WSW
 21  8
 21  9
 21 10
 21 11
 21 12
------------------------------
         5.1  56.0  Mar   WSW